be k(16). Let v be 1*(-35)/14*z. Calculate the highest common factor of v and 200.
25
Let f be -2*((-7)/(-2) - 3) - -56. Suppose -5*p = -3*v + 1795, -4*v - p = 503 - 2927. What is the highest common factor of f and v?
55
Let u(j) = 7 + 13*j**2 - 12*j - 9*j - 16*j**2. Let x be u(-4). Calculate the highest common factor of x and 43.
43
Let d be (-7)/(-21)*-3 + (-562)/(-2). Suppose -68*c = -58*c - d. What is the highest common divisor of c and 49?
7
Suppose 991*v - 964*v = 540. Calculate the highest common factor of 124 and v.
4
Let a(h) be the third derivative of -h**4/6 - 2*h**3/3 - 10*h**2. Let f be a(-8). Let j = f + -26. Calculate the highest common divisor of 6 and j.
2
Suppose 3*t - 80 = -15 + 43. Calculate the greatest common factor of t and 196.
4
Let i(m) = m**3 + 7*m**2 + 5*m + 5. Let b be i(-6). Suppose 99*x + 78 = 102*x. Let v(n) = 6*n - 35. Let w be v(x). What is the highest common factor of w and b?
11
Suppose 57*k = 78*k - 294. Suppose 0 = -w - 3, 3*w + 85 = l + 5*w. What is the highest common divisor of l and k?
7
Suppose 0 = 13*n - 17*n + 40. Suppose -5 + 265 = n*o. Let w be (26/(-5))/((-5)/25). What is the highest common factor of o and w?
26
Let s(h) = 590*h + 188. Let p be s(5). Calculate the highest common factor of 12 and p.
6
Suppose 0 = d + 5*l - 0*l + 160, -5*d - 5*l = 740. Let r = -95 - d. Suppose 14*z + 17*z - 357 - 263 = 0. Calculate the greatest common divisor of r and z.
10
Let d(u) = 22*u - 669. Let h be d(84). Calculate the greatest common divisor of h and 3.
3
Suppose 53 = 270*j - 1062 - 5365. Calculate the highest common divisor of j and 3972.
12
Let q = 1 - -1. Suppose 98*y = 1648 + 4624. What is the greatest common divisor of q and y?
2
Let b = 269 + -140. Let m = b - 120. Suppose -2*l - 18 = -4*l. Calculate the highest common factor of m and l.
9
Let d = -629 - -633. Suppose 167 = 5*c - d*j, -j - 4 = 2*c - 76. What is the greatest common factor of c and 70?
35
Let j = 295 - 290. Suppose -j*a = k - 203 - 43, 0 = 4*k + 16. What is the highest common factor of 110 and a?
10
Let x be 147 - -2 - (-4 - 6)/(-2). Let y be x/168*(-84)/(-9). Calculate the highest common factor of y and 72.
8
Let n be ((2457/(-18))/21)/((-2)/28). Suppose -n*g + 300 = -87*g. What is the highest common divisor of g and 200?
25
Suppose -21*f + 12916 - 4033 = 0. Suppose 3*z - 5*u = f + 113, -2*z = -3*u - 359. What is the greatest common divisor of 17 and z?
17
Let o = -7152 - -7216. What is the greatest common divisor of 1184 and o?
32
Suppose 0 = -71*m + 20*m + 9936 + 9648. Calculate the highest common divisor of m and 432.
48
Let o = -18938 + 19157. What is the highest common divisor of 5402 and o?
73
Suppose -v - 3*x = 24, 0*x - x = 4*v + 140. Let g be ((-20)/6)/(v/54). Suppose -58 = -g*w + 62. Calculate the highest common factor of w and 8.
8
Suppose 3 = -o + 4*z + 20, 4*z = 5*o - 53. Let d(h) = -h + 14 + 0*h - 5 + 3. Let l be d(9). What is the greatest common factor of l and o?
3
Let x = 822 - 688. What is the greatest common divisor of 27604 and x?
134
Let s be 1416/((-12)/(-6))*(-18)/(-27). Calculate the greatest common divisor of s and 413.
59
Let s(t) = -t**2 + 16*t. Let v be s(0). Suppose v = -f - 0*q + 3*q + 9, 5*f + q - 61 = 0. Let k = -3 + 27. What is the greatest common factor of f and k?
12
Let a(x) = 315*x + 1450. Let h be a(-4). What is the greatest common divisor of 90 and h?
10
Let j = -2469 - -3060. What is the highest common divisor of j and 3349?
197
Let z(a) = a**3 + 37*a**2 + 102*a + 18. Let o be z(-34). Calculate the greatest common divisor of o and 495.
9
Let u = 16084 + -16054. Let y(r) = -135*r**3 + r**2 + 2*r + 1. Let d be y(-1). Calculate the highest common divisor of u and d.
15
Let j(m) = 20*m + 13. Let u(d) = -d - 22. Let r be u(-18). Let z be j(r). Let x = 71 + z. What is the highest common divisor of x and 8?
4
Let k = 121 + -58. Suppose -257 = 2*v - 5*v - 5*z, 4*v = 3*z + 333. Suppose -2*p = 10*p - v. What is the greatest common divisor of p and k?
7
Let s(k) = k**2 + k + 9. Let u be s(0). What is the greatest common factor of 159 and u?
3
Let m(s) = -74*s + 344. Let r be m(3). What is the highest common factor of r and 2074?
122
Suppose 5*h + 4*h + 63 = 0. Let v(m) = m**3 + 6*m**2 - 6*m + 17. Let k be v(h). Let q be (7/28)/(1/8). Calculate the greatest common factor of k and q.
2
Let h = 1900 - 1286. Let i be h/2 - 1/(-1)*1. Suppose w - 6*w - 2*y = -370, 4*w + 4*y - i = 0. Calculate the highest common factor of 18 and w.
18
Let w(y) = y**3 - 7*y**2 - 24*y - 6. Let o(l) = -25*l + 60. Let k be o(2). Let r be w(k). Calculate the greatest common divisor of r and 72.
18
Let h = 15509 + -15085. Calculate the greatest common divisor of h and 4028.
212
Let u(o) = 22*o + 5. Let s(i) = -154*i - 33. Let v(q) = 3*s(q) + 22*u(q). Let n be v(5). What is the greatest common divisor of n and 33?
11
Suppose -19*z - 149 = -2*q - 18*z, 5*z = 3*q - 241. Let p be 4/(((-2)/(-18))/(4/8)). Calculate the greatest common divisor of p and q.
18
Let m(a) = -333*a - 12*a**3 - a**2 + 328*a - 2*a**2 - 12. Let d be m(-3). What is the highest common divisor of 250 and d?
50
Let b be 1/(-4) + (-425)/(-20). Let z(i) = 21*i + 42. Let d be z(14). Let v = d - 168. Calculate the highest common divisor of b and v.
21
Let v = -42 + 18. Let h be 3*1/(-24) + (-1491)/v. What is the greatest common divisor of 62 and h?
62
Suppose 2*t + 3 = 4*h - 7, 5*t - 27 = -3*h. Let n be 183/12 - (-3)/h. Let s be (-4)/(80/(-15)) + (-1268)/(-16). Calculate the greatest common factor of n and s.
16
Suppose 9*f = -48*f + 456. Suppose -192 - 30 = -j. Suppose -f*u = -j + 86. Calculate the greatest common divisor of 51 and u.
17
Let u(l) = 4*l**3 - l**2 + 3*l**3 - 2*l - 2 - 8*l**3. Let c be u(-3). Let m = 383 + -361. What is the highest common factor of m and c?
22
Let k = 8802 + -8027. Calculate the highest common factor of 75 and k.
25
Let f be (434/651)/(((-8)/(-14))/(2 - -4)). What is the greatest common factor of f and 329?
7
Let b(j) = 2*j - 4. Let d be b(9). Suppose 0 = -31*c + 1522 - 1305. Calculate the greatest common factor of d and c.
7
Suppose -254 - 943 = -19*b. What is the greatest common divisor of 4788 and b?
63
Suppose 5*o - 7727 = 8*p, o - 1531 = -49*p + 47*p. Calculate the greatest common factor of o and 285.
57
Suppose -344 = -29*u + 584. Suppose 5*l + 2*h - 4 = 0, -54*l + 2*h = -52*l - 10. What is the highest common factor of l and u?
2
Let s(r) = 2*r**2 - 97*r + 2016. Let y be s(45). What is the highest common factor of y and 27?
27
Let d be ((-369)/(-4))/(67/268). Calculate the greatest common divisor of 153 and d.
9
Let g(q) = 16*q**2 - 11*q - 23. Let k be g(-4). Let w = -274 + k. Calculate the greatest common divisor of 21 and w.
3
Let a be -6 - -9 - (-44 + 0). Suppose 0 = -18*p + 2503 + 3419. Calculate the highest common divisor of p and a.
47
Suppose 6*w - 2109 = 1239. Suppose -3*z + 452 = -0*j - j, 0 = -2*z + 5*j + 310. Let x = w - z. What is the greatest common factor of x and 51?
51
Suppose -18 = -l - 6. Let p = l + -8. Suppose -4*b = -7*g + 2*g - 45, b - p*g - 3 = 0. What is the highest common divisor of b and 60?
15
Let c = 15 - 27. Let m be c/(-9)*(-261)/(-2). Suppose -5*a + 4*k + m = 0, 4*k = 11 + 5. Calculate the greatest common divisor of 57 and a.
19
Suppose -682 + 618 = -s + 5*q, -4*s + 2*q + 364 = 0. What is the highest common factor of s and 13583?
47
Suppose 73*k - 195 = 34*k. What is the highest common divisor of 1765 and k?
5
Suppose -3*p + 4*h - 2*h = -92, -87 = -3*p - 3*h. Suppose -5*t - 10 + 0 = 0. Let d be 15*(2 - (-1 - t)). Calculate the greatest common divisor of d and p.
15
Let z be ((-6)/16)/((-3)/24). Let g(j) = j**3 - j**2 + 5*j - 17. Let p be g(z). What is the greatest common factor of 56 and p?
8
Let i be (12/15 + 0)*60/8. Suppose -i*g + 5 = -g - t, -g - 2*t + 1 = 0. Suppose 4*s + q = 0, q = 5*s - 8 - g. Calculate the highest common factor of s and 8.
1
Let c = -200 - -210. Suppose 2*f = -5*y + 66, 5*y + 14*f - c*f - 72 = 0. What is the greatest common divisor of 12 and y?
12
Let l = 567 + -833. Let b = -265 - l. What is the greatest common factor of b and 43?
1
Let a = 516 - 513. Suppose 2*v - 2*t - 310 = 0, v - 229 + 72 = a*t. Calculate the greatest common divisor of v and 56.
14
Suppose -84*h + 40337 = -33